{"id":110551,"date":"2022-10-24T00:10:35","date_gmt":"2022-10-23T22:10:35","guid":{"rendered":"https:\/\/www.radiobeton.com\/www\/?page_id=110551"},"modified":"2022-10-30T23:52:07","modified_gmt":"2022-10-30T22:52:07","slug":"rock-a-la-casbah","status":"publish","type":"page","link":"https:\/\/www.radiobeton.com\/www\/la-radio\/rock-a-la-casbah\/","title":{"rendered":"ROCK A LA CASBAH"},"content":{"rendered":"<p><img loading=\"lazy\" decoding=\"async\" class=\"size-medium wp-image-87709 aligncenter\" src=\"https:\/\/www.radiobeton.com\/www\/wp-content\/uploads\/2020\/03\/RockCasbah-300x300.jpg\" alt=\"\" width=\"300\" height=\"300\" srcset=\"https:\/\/www.radiobeton.com\/www\/wp-content\/uploads\/2020\/03\/RockCasbah-300x300.jpg 300w, https:\/\/www.radiobeton.com\/www\/wp-content\/uploads\/2020\/03\/RockCasbah-150x150.jpg 150w, https:\/\/www.radiobeton.com\/www\/wp-content\/uploads\/2020\/03\/RockCasbah.jpg 500w\" sizes=\"auto, (max-width: 300px) 85vw, 300px\" \/><\/p>\n<p>\u00a0<\/p>\n<div class=\"x11i5rnm xat24cr x1mh8g0r x1vvkbs xtlvy1s x126k92a\">\n<div dir=\"auto\"><span class=\"x3nfvp2 x1j61x8r x1fcty0u xdj266r xhhsvwb xat24cr xgzva0m xxymvpz xlup9mm x1kky2od\"><img loading=\"lazy\" decoding=\"async\" src=\"https:\/\/static.xx.fbcdn.net\/images\/emoji.php\/v9\/t72\/1\/16\/1f538.png\" alt=\"&#x1f538;\" width=\"16\" height=\"16\" \/><\/span>rock N roll radioshow et webzine. Actualit\u00e9s indie\/rock\/punk\/garage\/post-punk\/hardcore..<\/div>\n<div dir=\"auto\"><span class=\"x3nfvp2 x1j61x8r x1fcty0u xdj266r xhhsvwb xat24cr xgzva0m xxymvpz xlup9mm x1kky2od\"><img loading=\"lazy\" decoding=\"async\" src=\"https:\/\/static.xx.fbcdn.net\/images\/emoji.php\/v9\/t72\/1\/16\/1f538.png\" alt=\"&#x1f538;\" width=\"16\" height=\"16\" \/><\/span>jeudi 10h-11h<\/div>\n<p dir=\"auto\"><span class=\"x3nfvp2 x1j61x8r x1fcty0u xdj266r xhhsvwb xat24cr xgzva0m xxymvpz xlup9mm x1kky2od\"><img loading=\"lazy\" decoding=\"async\" src=\"https:\/\/static.xx.fbcdn.net\/images\/emoji.php\/v9\/t72\/1\/16\/1f538.png\" alt=\"&#x1f538;\" width=\"16\" height=\"16\" \/><\/span>Animateurices : Julien, Raph, Bruno, Olivier, Jordane<\/p>\n<p dir=\"auto\"><img loading=\"lazy\" decoding=\"async\" class=\" wp-image-70797 aligncenter\" src=\"https:\/\/www.radiobeton.com\/www\/wp-content\/uploads\/2018\/10\/rock-casbah-300x300.jpg\" alt=\"\" width=\"117\" height=\"117\" srcset=\"https:\/\/www.radiobeton.com\/www\/wp-content\/uploads\/2018\/10\/rock-casbah-300x300.jpg 300w, https:\/\/www.radiobeton.com\/www\/wp-content\/uploads\/2018\/10\/rock-casbah-150x150.jpg 150w, https:\/\/www.radiobeton.com\/www\/wp-content\/uploads\/2018\/10\/rock-casbah-768x768.jpg 768w, https:\/\/www.radiobeton.com\/www\/wp-content\/uploads\/2018\/10\/rock-casbah.jpg 1000w\" sizes=\"auto, (max-width: 117px) 85vw, 117px\" \/><\/p>\n<\/div>\n<div class=\"x11i5rnm xat24cr x1mh8g0r x1vvkbs xtlvy1s x126k92a\">\n<p dir=\"auto\"><span class=\"x3nfvp2 x1j61x8r x1fcty0u xdj266r xhhsvwb xat24cr xgzva0m xxymvpz xlup9mm x1kky2od\"><img loading=\"lazy\" decoding=\"async\" src=\"https:\/\/static.xx.fbcdn.net\/images\/emoji.php\/v9\/t72\/1\/16\/1f538.png\" alt=\"&#x1f538;\" width=\"16\" height=\"16\" \/><\/span> R\u00e9alis\u00e9e par 6 fans de rock\u2019n\u2019roll bas\u00e9.es \u00e0 Valence dans la Dr\u00f4me. Une \u00e9mission sur le rock underground qui laisse la part belle aux sc\u00e8nes \u00e9mergentes rock, garage, blues, punk\u2026 avec une grande place pour les groupes et labels fran\u00e7ais. Si tu aimes les sonorit\u00e9s tordues, la tensions palpables ou la vague surf psych\u00e9d\u00e9lique de l\u2019ouest alors ce programme est pour toi. Parall\u00e8lement, l\u2019\u00e9quipe pilote un webzine d\u2019actualit\u00e9 rock\/garage et a lanc\u00e9 son label casbah records avec de belles signatures (Duck Duck Grey Duck, Fait Baba, Adieu Gary Cooper ou Delaney Davidson et Reverend Beatman,\u2026).<\/p>\n<\/div>\n<div class=\"x11i5rnm xat24cr x1mh8g0r x1vvkbs xtlvy1s x126k92a\">\n<div dir=\"auto\"><span class=\"x3nfvp2 x1j61x8r x1fcty0u xdj266r xhhsvwb xat24cr xgzva0m xxymvpz xlup9mm x1kky2od\"><img loading=\"lazy\" decoding=\"async\" src=\"https:\/\/static.xx.fbcdn.net\/images\/emoji.php\/v9\/t72\/1\/16\/1f538.png\" alt=\"&#x1f538;\" width=\"16\" height=\"16\" \/><\/span>Liens<\/div>\n<div dir=\"auto\">\u00a0<\/div>\n<\/div>\n<div class=\"x11i5rnm xat24cr x1mh8g0r x1vvkbs xtlvy1s x126k92a\">\n<div dir=\"auto\"><a href=\"https:\/\/www.facebook.com\/rockalacasbah?__cft__[0]=AZXaepIHQjKJMt0EGra3qD6-iWwBtFNaEvd1QBDOyiYcgMPSJsCnxhNHkO1YBsUiGYG-HGqJ7U_InfUhesnYJARvzWoWT85uVI5L2pjexGNqM2_MaWgsbaWXGFA7EPOrGfk&amp;__tn__=-]K-R\">Page facebook\u00a0<\/a><\/div>\n<div dir=\"auto\"><a href=\"https:\/\/www.instagram.com\/casbah_rcds_rock_a_la_casbah\/?fbclid=IwAR3sz7yBPq-JVV1lVQLFpcHdomiXWYgm86xtpOoTmiwnKAkiKGqY8QhoWJE\">instagram<\/a><\/div>\n<div dir=\"auto\"><a class=\"x1i10hfl xjbqb8w x6umtig x1b1mbwd xaqea5y xav7gou x9f619 x1ypdohk xt0psk2 xe8uvvx xdj266r x11i5rnm xat24cr x1mh8g0r xexx8yu x4uap5 x18d9i69 xkhd6sd x16tdsg8 x1hl2dhg xggy1nq x1a2a7pz xt0b8zv x1fey0fg\" tabindex=\"0\" role=\"link\" href=\"https:\/\/twitter.com\/rockalacasbah?fbclid=IwAR1b5xfUq9d2odc0dRBkfT8pW2mUQc4eXx5Fq96o2VAxcsO1d2OjRd5tqac\" target=\"_blank\" rel=\"nofollow noopener noreferrer\">twitter<\/a><\/div>\n<div dir=\"auto\">webzine : <a class=\"x1i10hfl xjbqb8w x6umtig x1b1mbwd xaqea5y xav7gou x9f619 x1ypdohk xt0psk2 xe8uvvx xdj266r x11i5rnm xat24cr x1mh8g0r xexx8yu x4uap5 x18d9i69 xkhd6sd x16tdsg8 x1hl2dhg xggy1nq x1a2a7pz xt0b8zv x1fey0fg\" tabindex=\"0\" role=\"link\" href=\"http:\/\/casbah-records.com\/?fbclid=IwAR2CRRWs1WicxJsQAbQgV8djTW31ypPreQEjZg4X2P5a-2y70fuYDEOTrbo\" target=\"_blank\" rel=\"nofollow noopener noreferrer\">http:\/\/casbah-records.com<\/a><\/div>\n<div dir=\"auto\">label : <a class=\"x1i10hfl xjbqb8w x6umtig x1b1mbwd xaqea5y xav7gou x9f619 x1ypdohk xt0psk2 xe8uvvx xdj266r x11i5rnm xat24cr x1mh8g0r xexx8yu x4uap5 x18d9i69 xkhd6sd x16tdsg8 x1hl2dhg xggy1nq x1a2a7pz xt0b8zv x1fey0fg\" tabindex=\"0\" role=\"link\" href=\"https:\/\/casbahrecords.bandcamp.com\/?fbclid=IwAR01cOmkQHf4z9LtXcvsxq4Dq2MeC8FVDDL1oRzRKU4OnXnlJVcAx_hfvJc\" target=\"_blank\" rel=\"nofollow noopener noreferrer\">https:\/\/casbahrecords.bandcamp.com\/<\/a><\/div>\n<p dir=\"auto\">Contact : julien@casbah-records.com<\/p>\n<\/div>\n\n\n<figure class=\"wp-block-embed-soundcloud wp-block-embed is-type-rich is-provider-soundcloud wp-embed-aspect-4-3 wp-has-aspect-ratio\"><div class=\"wp-block-embed__wrapper\">\n<iframe loading=\"lazy\" title=\"CASBAH RECORDS \/ Rock \u00e0 la Casbah Radio Show\" width=\"840\" height=\"450\" scrolling=\"no\" frameborder=\"no\" src=\"https:\/\/w.soundcloud.com\/player\/?visual=true&#038;url=https%3A%2F%2Fapi.soundcloud.com%2Fusers%2F4080116&#038;show_artwork=true&#038;maxheight=1000&#038;maxwidth=840\"><\/iframe>\n<\/div><\/figure>\n\n\n\n<p><\/p>\n","protected":false},"excerpt":{"rendered":"<p>\u00a0 rock N roll radioshow et webzine. Actualit\u00e9s indie\/rock\/punk\/garage\/post-punk\/hardcore.. jeudi 10h-11h Animateurices : Julien, Raph, Bruno, Olivier, Jordane R\u00e9alis\u00e9e par 6 fans de rock\u2019n\u2019roll bas\u00e9.es \u00e0 Valence dans la Dr\u00f4me. Une \u00e9mission sur le rock underground qui laisse la part belle aux sc\u00e8nes \u00e9mergentes rock, garage, blues, punk\u2026 avec une grande place pour les groupes &hellip; <a href=\"https:\/\/www.radiobeton.com\/www\/la-radio\/rock-a-la-casbah\/\" class=\"more-link\">Continuer la lecture<span class=\"screen-reader-text\"> de &laquo;&nbsp;ROCK A LA CASBAH&nbsp;&raquo;<\/span><\/a><\/p>\n","protected":false},"author":28,"featured_media":0,"parent":21603,"menu_order":0,"comment_status":"closed","ping_status":"closed","template":"","meta":{"footnotes":""},"class_list":["post-110551","page","type-page","status-publish","hentry"],"_links":{"self":[{"href":"https:\/\/www.radiobeton.com\/www\/wp-json\/wp\/v2\/pages\/110551","targetHints":{"allow":["GET"]}}],"collection":[{"href":"https:\/\/www.radiobeton.com\/www\/wp-json\/wp\/v2\/pages"}],"about":[{"href":"https:\/\/www.radiobeton.com\/www\/wp-json\/wp\/v2\/types\/page"}],"author":[{"embeddable":true,"href":"https:\/\/www.radiobeton.com\/www\/wp-json\/wp\/v2\/users\/28"}],"replies":[{"embeddable":true,"href":"https:\/\/www.radiobeton.com\/www\/wp-json\/wp\/v2\/comments?post=110551"}],"version-history":[{"count":3,"href":"https:\/\/www.radiobeton.com\/www\/wp-json\/wp\/v2\/pages\/110551\/revisions"}],"predecessor-version":[{"id":110782,"href":"https:\/\/www.radiobeton.com\/www\/wp-json\/wp\/v2\/pages\/110551\/revisions\/110782"}],"up":[{"embeddable":true,"href":"https:\/\/www.radiobeton.com\/www\/wp-json\/wp\/v2\/pages\/21603"}],"wp:attachment":[{"href":"https:\/\/www.radiobeton.com\/www\/wp-json\/wp\/v2\/media?parent=110551"}],"curies":[{"name":"wp","href":"https:\/\/api.w.org\/{rel}","templated":true}]}}