{"id":110779,"date":"2022-10-26T20:45:03","date_gmt":"2022-10-26T18:45:03","guid":{"rendered":"https:\/\/www.radiobeton.com\/www\/?page_id=110779"},"modified":"2023-06-12T18:55:46","modified_gmt":"2023-06-12T16:55:46","slug":"3r","status":"publish","type":"page","link":"https:\/\/www.radiobeton.com\/www\/la-radio\/3r\/","title":{"rendered":"3R"},"content":{"rendered":"<div class=\"x11i5rnm xat24cr x1mh8g0r x1vvkbs xtlvy1s x126k92a\">\n<div dir=\"auto\">\n<div class=\"x11i5rnm xat24cr x1mh8g0r x1vvkbs xtlvy1s x126k92a\" style=\"text-align: center;\"><img loading=\"lazy\" decoding=\"async\" class=\"aligncenter  wp-image-116499\" src=\"https:\/\/www.radiobeton.com\/www\/wp-content\/uploads\/2023\/06\/3R-1024x724.jpeg\" alt=\"\" width=\"395\" height=\"279\" srcset=\"https:\/\/www.radiobeton.com\/www\/wp-content\/uploads\/2023\/06\/3R-1024x724.jpeg 1024w, https:\/\/www.radiobeton.com\/www\/wp-content\/uploads\/2023\/06\/3R-300x212.jpeg 300w, https:\/\/www.radiobeton.com\/www\/wp-content\/uploads\/2023\/06\/3R-768x543.jpeg 768w, https:\/\/www.radiobeton.com\/www\/wp-content\/uploads\/2023\/06\/3R.jpeg 1137w\" sizes=\"auto, (max-width: 395px) 85vw, 395px\" \/><\/div>\n<div class=\"x11i5rnm xat24cr x1mh8g0r x1vvkbs xtlvy1s x126k92a\"><\/div>\n<div class=\"x11i5rnm xat24cr x1mh8g0r x1vvkbs xtlvy1s x126k92a\"><\/div>\n<div class=\"x11i5rnm xat24cr x1mh8g0r x1vvkbs xtlvy1s x126k92a\"><\/div>\n<div class=\"x11i5rnm xat24cr x1mh8g0r x1vvkbs xtlvy1s x126k92a\"><span class=\"x3nfvp2 x1j61x8r x1fcty0u xdj266r xhhsvwb xat24cr xgzva0m xxymvpz xlup9mm x1kky2od\"><img loading=\"lazy\" decoding=\"async\" class=\"\" src=\"https:\/\/static.xx.fbcdn.net\/images\/emoji.php\/v9\/t72\/1\/16\/1f538.png\" alt=\"&#x1f538;\" width=\"17\" height=\"17\" \/><\/span>Reggae Ragga Rap&#8230;.et leurs d\u00e9riv\u00e9s.<\/div>\n<div class=\"x11i5rnm xat24cr x1mh8g0r x1vvkbs xtlvy1s x126k92a\"><\/div>\n<p><span class=\"x3nfvp2 x1j61x8r x1fcty0u xdj266r xhhsvwb xat24cr xgzva0m xxymvpz xlup9mm x1kky2od\"><img loading=\"lazy\" decoding=\"async\" src=\"https:\/\/static.xx.fbcdn.net\/images\/emoji.php\/v9\/t72\/1\/16\/1f538.png\" alt=\"&#x1f538;\" width=\"16\" height=\"16\" \/><\/span>le mercredi 22h-2h<\/p>\n<div dir=\"auto\"><\/div>\n<p dir=\"auto\"><span class=\"x3nfvp2 x1j61x8r x1fcty0u xdj266r xhhsvwb xat24cr xgzva0m xxymvpz xlup9mm x1kky2od\"><img loading=\"lazy\" decoding=\"async\" src=\"https:\/\/static.xx.fbcdn.net\/images\/emoji.php\/v9\/t72\/1\/16\/1f538.png\" alt=\"&#x1f538;\" width=\"16\" height=\"16\" \/><\/span> Animateurs : Selectas Omzo, Sunshine et Tonton Taksi<\/p>\n<div dir=\"auto\"><\/div>\n<div class=\"x11i5rnm xat24cr x1mh8g0r x1vvkbs xtlvy1s x126k92a\">\n<div dir=\"auto\"><span class=\"x3nfvp2 x1j61x8r x1fcty0u xdj266r xhhsvwb xat24cr xgzva0m xxymvpz xlup9mm x1kky2od\"><img loading=\"lazy\" decoding=\"async\" src=\"https:\/\/static.xx.fbcdn.net\/images\/emoji.php\/v9\/t72\/1\/16\/1f538.png\" alt=\"&#x1f538;\" width=\"16\" height=\"16\" \/><\/span>Depuis les ann\u00e9es 90&rsquo;s, une \u00e9mission pionni\u00e8re, tremplin-cr\u00e9atrice de vocations \u00e0 l&rsquo;\u00e9chelle locale, nationale et des rencontres\/interviews\/live m\u00e9morables d&rsquo;artistes de renomm\u00e9e plan\u00e9taire&#8230;<\/div>\n<div dir=\"auto\">Les mercredis apr\u00e8s S.A.F.E, d\u00e8s 22 heures, Selectas Omzo, Sunshine et Tonton Taksi partagent librement \u00e0 l&rsquo;antenne des morceaux d&rsquo;hier, d&rsquo;aujourd&rsquo;hui&#8230; et de demain !<\/div>\n<\/div>\n<div class=\"x11i5rnm xat24cr x1mh8g0r x1vvkbs xtlvy1s x126k92a\">\n<div dir=\"auto\">Pour une des petites anecdotes parmi tant d&rsquo;autres : en 2017, avec le collectif Irie Ites (Le Mans), l&rsquo;association Akimbo (Tours), et notre trio de 3R, nous avons fait venir un artiste m\u00e9connu du grand public \u00e0 l&rsquo;\u00e9poque et qui vient de remporter un Grammy du meilleur album reggae 2022, sur le label des fils Marley&#8230;<\/div>\n<\/div>\n<div class=\"x11i5rnm xat24cr x1mh8g0r x1vvkbs xtlvy1s x126k92a\">\n<div dir=\"auto\">\u00ab\u00a0One good thing about music is when it hits you, you feel no pain&#8230; if you listen carefully now you will hear \u00bb<\/div>\n<div dir=\"auto\">(Bob Mar&rsquo;Wailers).<\/div>\n<div dir=\"auto\"><\/div>\n<\/div>\n<div class=\"x11i5rnm xat24cr x1mh8g0r x1vvkbs xtlvy1s x126k92a\">\n<p dir=\"auto\">Merci aux auditrices, auditeurs et autres soutiens depuis toutes ces ann\u00e9es.<\/p>\n<div dir=\"auto\"><\/div>\n<\/div>\n<div class=\"x11i5rnm xat24cr x1mh8g0r x1vvkbs xtlvy1s x126k92a\">\n<div dir=\"auto\"><span class=\"x3nfvp2 x1j61x8r x1fcty0u xdj266r xhhsvwb xat24cr xgzva0m xxymvpz xlup9mm x1kky2od\"><img loading=\"lazy\" decoding=\"async\" src=\"https:\/\/static.xx.fbcdn.net\/images\/emoji.php\/v9\/t72\/1\/16\/1f538.png\" alt=\"&#x1f538;\" width=\"16\" height=\"16\" \/><\/span> Contact :<\/div>\n<div dir=\"auto\">3rsound93.6@gmail.com<\/div>\n<\/div>\n<\/div>\n<\/div>\n","protected":false},"excerpt":{"rendered":"<p>Reggae Ragga Rap&#8230;.et leurs d\u00e9riv\u00e9s. le mercredi 22h-2h Animateurs : Selectas Omzo, Sunshine et Tonton Taksi Depuis les ann\u00e9es 90&rsquo;s, une \u00e9mission pionni\u00e8re, tremplin-cr\u00e9atrice de vocations \u00e0 l&rsquo;\u00e9chelle locale, nationale et des rencontres\/interviews\/live m\u00e9morables d&rsquo;artistes de renomm\u00e9e plan\u00e9taire&#8230; Les mercredis apr\u00e8s S.A.F.E, d\u00e8s 22 heures, Selectas Omzo, Sunshine et Tonton Taksi partagent librement \u00e0 l&rsquo;antenne &hellip; <a href=\"https:\/\/www.radiobeton.com\/www\/la-radio\/3r\/\" class=\"more-link\">Continuer la lecture<span class=\"screen-reader-text\"> de &laquo;&nbsp;3R&nbsp;&raquo;<\/span><\/a><\/p>\n","protected":false},"author":28,"featured_media":0,"parent":21603,"menu_order":0,"comment_status":"closed","ping_status":"closed","template":"","meta":{"footnotes":""},"class_list":["post-110779","page","type-page","status-publish","hentry"],"_links":{"self":[{"href":"https:\/\/www.radiobeton.com\/www\/wp-json\/wp\/v2\/pages\/110779","targetHints":{"allow":["GET"]}}],"collection":[{"href":"https:\/\/www.radiobeton.com\/www\/wp-json\/wp\/v2\/pages"}],"about":[{"href":"https:\/\/www.radiobeton.com\/www\/wp-json\/wp\/v2\/types\/page"}],"author":[{"embeddable":true,"href":"https:\/\/www.radiobeton.com\/www\/wp-json\/wp\/v2\/users\/28"}],"replies":[{"embeddable":true,"href":"https:\/\/www.radiobeton.com\/www\/wp-json\/wp\/v2\/comments?post=110779"}],"version-history":[{"count":2,"href":"https:\/\/www.radiobeton.com\/www\/wp-json\/wp\/v2\/pages\/110779\/revisions"}],"predecessor-version":[{"id":116501,"href":"https:\/\/www.radiobeton.com\/www\/wp-json\/wp\/v2\/pages\/110779\/revisions\/116501"}],"up":[{"embeddable":true,"href":"https:\/\/www.radiobeton.com\/www\/wp-json\/wp\/v2\/pages\/21603"}],"wp:attachment":[{"href":"https:\/\/www.radiobeton.com\/www\/wp-json\/wp\/v2\/media?parent=110779"}],"curies":[{"name":"wp","href":"https:\/\/api.w.org\/{rel}","templated":true}]}}